Last updated on 2024-06-10 06:50:13 CEST.
Flavor | Version | Tinstall | Tcheck | Ttotal | Status | Flags |
---|---|---|---|---|---|---|
r-devel-linux-x86_64-debian-clang | 1.0.1 | 7.19 | 74.39 | 81.58 | NOTE | |
r-devel-linux-x86_64-debian-gcc | 1.0.1 | 7.66 | 56.34 | 64.00 | NOTE | |
r-devel-linux-x86_64-fedora-clang | 1.0.1 | 104.64 | NOTE | |||
r-devel-linux-x86_64-fedora-gcc | 1.0.1 | 96.99 | NOTE | |||
r-devel-windows-x86_64 | 1.0.1 | 9.00 | 73.00 | 82.00 | NOTE | |
r-patched-linux-x86_64 | 1.0.1 | 6.42 | 70.69 | 77.11 | NOTE | |
r-release-linux-x86_64 | 1.0.1 | 5.97 | 71.82 | 77.79 | NOTE | |
r-release-macos-arm64 | 1.0.1 | 38.00 | NOTE | |||
r-release-macos-x86_64 | 1.0.1 | 53.00 | NOTE | |||
r-release-windows-x86_64 | 1.0.1 | 8.00 | 72.00 | 80.00 | NOTE | |
r-oldrel-macos-arm64 | 1.0.1 | 39.00 | OK | |||
r-oldrel-macos-x86_64 | 1.0.1 | 57.00 | OK | |||
r-oldrel-windows-x86_64 | 1.0.1 | 11.00 | 84.00 | 95.00 | OK |
Version: 1.0.1
Check: Rd files
Result: NOTE
checkRd: (-1) networktree.Rd:56: Lost braces; missing escapes or markup?
56 | with a matrix response {y}. \code{x1} and \code{x2} are used as
| ^
Flavors: r-devel-linux-x86_64-debian-clang, r-devel-linux-x86_64-debian-gcc, r-devel-linux-x86_64-fedora-clang, r-devel-linux-x86_64-fedora-gcc, r-devel-windows-x86_64, r-patched-linux-x86_64, r-release-linux-x86_64, r-release-macos-arm64, r-release-macos-x86_64, r-release-windows-x86_64
Version: 1.0.1
Check: data for non-ASCII characters
Result: NOTE
Note: found 2 marked Latin-1 strings
Flavors: r-devel-linux-x86_64-fedora-clang, r-devel-linux-x86_64-fedora-gcc