Last updated on 2024-05-14 18:49:31 CEST.
Flavor | Version | Tinstall | Tcheck | Ttotal | Status | Flags |
---|---|---|---|---|---|---|
r-devel-linux-x86_64-debian-clang | 1.2.2 | 17.34 | 119.94 | 137.28 | NOTE | |
r-devel-linux-x86_64-debian-gcc | 1.2.2 | 12.04 | 107.46 | 119.50 | NOTE | |
r-devel-linux-x86_64-fedora-clang | 1.2.2 | 214.40 | NOTE | |||
r-devel-linux-x86_64-fedora-gcc | 1.2.2 | 263.86 | NOTE | |||
r-devel-windows-x86_64 | 1.2.2 | 14.00 | 120.00 | 134.00 | NOTE | |
r-patched-linux-x86_64 | 1.2.2 | 24.24 | 138.83 | 163.07 | NOTE | |
r-release-linux-x86_64 | 1.2.2 | 10.72 | 141.08 | 151.80 | NOTE | |
r-release-macos-arm64 | 1.2.2 | 87.00 | NOTE | |||
r-release-macos-x86_64 | 1.2.2 | 106.00 | OK | |||
r-release-windows-x86_64 | 1.2.2 | 13.00 | 117.00 | 130.00 | NOTE | |
r-oldrel-macos-arm64 | 1.2.2 | 59.00 | OK | |||
r-oldrel-macos-x86_64 | 1.2.2 | 96.00 | OK | |||
r-oldrel-windows-x86_64 | 1.2.2 | 18.00 | 153.00 | 171.00 | OK |
Version: 1.2.2
Check: Rd files
Result: NOTE
checkRd: (-1) PPCA.Rd:35: Lost braces
35 | Returns an object of class 'pcaRes.' See documentation in the package code{\link[pcaMethods:pcaMethods]{ pcaMethods}}
| ^
Flavors: r-devel-linux-x86_64-debian-clang, r-devel-linux-x86_64-debian-gcc, r-devel-linux-x86_64-fedora-clang, r-devel-linux-x86_64-fedora-gcc, r-devel-windows-x86_64, r-patched-linux-x86_64, r-release-linux-x86_64, r-release-macos-arm64, r-release-windows-x86_64