Last updated on 2024-05-16 18:48:23 CEST.
Flavor | Version | Tinstall | Tcheck | Ttotal | Status | Flags |
---|---|---|---|---|---|---|
r-devel-linux-x86_64-debian-clang | 0.7.0 | 7.08 | 190.09 | 197.17 | OK | |
r-devel-linux-x86_64-debian-gcc | 0.7.0 | 0.63 | 1.59 | 2.22 | ERROR | |
r-devel-linux-x86_64-fedora-clang | 0.7.0 | 242.33 | OK | |||
r-devel-linux-x86_64-fedora-gcc | 0.7.0 | 291.06 | OK | |||
r-devel-windows-x86_64 | 0.7.0 | 10.00 | 142.00 | 152.00 | OK | |
r-patched-linux-x86_64 | 0.7.0 | 6.44 | 175.39 | 181.83 | OK | |
r-release-linux-x86_64 | 0.7.0 | 8.96 | 176.03 | 184.99 | OK | |
r-release-macos-arm64 | 0.7.0 | 72.00 | OK | |||
r-release-windows-x86_64 | 0.7.0 | 10.00 | 142.00 | 152.00 | OK | |
r-oldrel-macos-arm64 | 0.7.0 | 85.00 | OK | |||
r-oldrel-macos-x86_64 | 0.7.0 | 108.00 | OK | |||
r-oldrel-windows-x86_64 | 0.7.0 | 12.00 | 188.00 | 200.00 | OK |
Version: 0.7.0
Check: package dependencies
Result: ERROR
Package required but not available: ‘intergraph’
See section ‘The DESCRIPTION file’ in the ‘Writing R Extensions’
manual.
Flavor: r-devel-linux-x86_64-debian-gcc