Last updated on 2024-06-10 06:50:12 CEST.
Flavor | Version | Tinstall | Tcheck | Ttotal | Status | Flags |
---|---|---|---|---|---|---|
r-devel-linux-x86_64-debian-clang | 0.1.7 | 167.75 | 88.84 | 256.59 | NOTE | |
r-devel-linux-x86_64-debian-gcc | 0.1.7 | 114.63 | 64.47 | 179.10 | NOTE | |
r-devel-linux-x86_64-fedora-clang | 0.1.7 | 360.39 | NOTE | |||
r-devel-linux-x86_64-fedora-gcc | 0.1.7 | 379.64 | NOTE | |||
r-devel-windows-x86_64 | 0.1.7 | 131.00 | 116.00 | 247.00 | NOTE | |
r-patched-linux-x86_64 | 0.1.7 | 99.51 | 87.21 | 186.72 | NOTE | |
r-release-linux-x86_64 | 0.1.7 | 104.27 | 90.31 | 194.58 | NOTE | |
r-release-macos-arm64 | 0.1.7 | 80.00 | NOTE | |||
r-release-macos-x86_64 | 0.1.7 | 83.00 | NOTE | |||
r-release-windows-x86_64 | 0.1.7 | 126.00 | 120.00 | 246.00 | NOTE | |
r-oldrel-macos-arm64 | 0.1.7 | 90.00 | NOTE | |||
r-oldrel-macos-x86_64 | 0.1.7 | 127.00 | NOTE | |||
r-oldrel-windows-x86_64 | 0.1.7 | 156.00 | 144.00 | 300.00 | OK |
Version: 0.1.7
Check: Rd files
Result: NOTE
checkRd: (-1) get_mdgc.Rd:34: Lost braces in \itemize; meant \describe ?
checkRd: (-1) get_mdgc.Rd:35: Lost braces in \itemize; meant \describe ?
checkRd: (-1) get_mdgc.Rd:36: Lost braces in \itemize; meant \describe ?
checkRd: (-1) get_mdgc.Rd:37: Lost braces in \itemize; meant \describe ?
Flavors: r-devel-linux-x86_64-debian-clang, r-devel-linux-x86_64-debian-gcc, r-devel-linux-x86_64-fedora-clang, r-devel-linux-x86_64-fedora-gcc, r-devel-windows-x86_64, r-patched-linux-x86_64, r-release-linux-x86_64, r-release-macos-arm64, r-release-macos-x86_64, r-release-windows-x86_64
Version: 0.1.7
Check: installed package size
Result: NOTE
installed size is 10.7Mb
sub-directories of 1Mb or more:
libs 10.3Mb
Flavors: r-release-macos-arm64, r-release-macos-x86_64, r-oldrel-macos-arm64, r-oldrel-macos-x86_64