Last updated on 2024-05-16 18:48:22 CEST.
Flavor | Version | Tinstall | Tcheck | Ttotal | Status | Flags |
---|---|---|---|---|---|---|
r-devel-linux-x86_64-debian-clang | 1.3.1 | 218.88 | 181.90 | 400.78 | OK | --no-vignettes |
r-devel-linux-x86_64-debian-gcc | 1.3.1 | 0.53 | 1.72 | 2.25 | ERROR | --no-vignettes |
r-devel-linux-x86_64-fedora-clang | 1.3.1 | 507.31 | OK | --no-vignettes | ||
r-devel-linux-x86_64-fedora-gcc | 1.3.1 | 740.05 | OK | --no-vignettes | ||
r-devel-windows-x86_64 | 1.3.1 | 169.00 | 178.00 | 347.00 | OK | --no-vignettes |
r-patched-linux-x86_64 | 1.3.1 | 234.12 | 174.81 | 408.93 | OK | --no-vignettes |
r-release-linux-x86_64 | 1.3.1 | 219.67 | 169.90 | 389.57 | OK | --no-vignettes |
r-release-macos-arm64 | 1.3.1 | 1803.00 | NOTE | |||
r-release-windows-x86_64 | 1.3.1 | 167.00 | 201.00 | 368.00 | OK | --no-vignettes |
r-oldrel-macos-arm64 | 1.3.1 | 733.00 | NOTE | |||
r-oldrel-macos-x86_64 | 1.3.1 | 1624.00 | NOTE | |||
r-oldrel-windows-x86_64 | 1.3.1 | 206.00 | 236.00 | 442.00 | OK | --no-vignettes |
Version: 1.3.1
Flags: --no-vignettes
Check: package dependencies
Result: ERROR
Package required but not available: ‘intergraph’
See section ‘The DESCRIPTION file’ in the ‘Writing R Extensions’
manual.
Flavor: r-devel-linux-x86_64-debian-gcc
Version: 1.3.1
Check: installed package size
Result: NOTE
installed size is 19.6Mb
sub-directories of 1Mb or more:
libs 18.0Mb
Flavors: r-release-macos-arm64, r-oldrel-macos-arm64, r-oldrel-macos-x86_64