Last updated on 2024-05-16 06:57:32 CEST.
Flavor | Version | Tinstall | Tcheck | Ttotal | Status | Flags |
---|---|---|---|---|---|---|
r-devel-linux-x86_64-debian-clang | 0.4-2 | 32.68 | 82.45 | 115.13 | NOTE | |
r-devel-linux-x86_64-debian-gcc | 0.4-2 | 22.80 | 60.75 | 83.55 | NOTE | |
r-devel-linux-x86_64-fedora-clang | 0.4-2 | 144.62 | NOTE | |||
r-devel-linux-x86_64-fedora-gcc | 0.4-2 | 201.26 | NOTE | |||
r-devel-windows-x86_64 | 0.4-2 | 27.00 | 92.00 | 119.00 | NOTE | |
r-patched-linux-x86_64 | 0.4-2 | 27.43 | 76.30 | 103.73 | NOTE | |
r-release-linux-x86_64 | 0.4-2 | 25.92 | 79.44 | 105.36 | NOTE | |
r-release-macos-arm64 | 0.4-2 | 35.00 | NOTE | |||
r-release-windows-x86_64 | 0.4-2 | 28.00 | 92.00 | 120.00 | NOTE | |
r-oldrel-macos-arm64 | 0.4-2 | 35.00 | OK | |||
r-oldrel-macos-x86_64 | 0.4-2 | 71.00 | OK | |||
r-oldrel-windows-x86_64 | 0.4-2 | 34.00 | 112.00 | 146.00 | OK |
Version: 0.4-2
Check: Rd files
Result: NOTE
checkRd: (-1) plotkmc.Rd:21: Lost braces; missing escapes or markup?
21 | list of two functions,flist=list( f1=function( x ) { x } ,f2=function( x ) { x^2 } )
| ^
checkRd: (-1) plotkmc.Rd:21: Lost braces; missing escapes or markup?
21 | list of two functions,flist=list( f1=function( x ) { x } ,f2=function( x ) { x^2 } )
| ^
Flavors: r-devel-linux-x86_64-debian-clang, r-devel-linux-x86_64-debian-gcc, r-devel-linux-x86_64-fedora-clang, r-devel-linux-x86_64-fedora-gcc, r-devel-windows-x86_64, r-patched-linux-x86_64, r-release-linux-x86_64, r-release-macos-arm64, r-release-windows-x86_64