Last updated on 2024-05-16 06:57:31 CEST.
Flavor | Version | Tinstall | Tcheck | Ttotal | Status | Flags |
---|---|---|---|---|---|---|
r-devel-linux-x86_64-debian-clang | 0.3.3 | 7.91 | 78.22 | 86.13 | OK | |
r-devel-linux-x86_64-debian-gcc | 0.3.3 | 5.07 | 57.33 | 62.40 | OK | |
r-devel-linux-x86_64-fedora-clang | 0.3.3 | 109.04 | NOTE | |||
r-devel-linux-x86_64-fedora-gcc | 0.3.3 | 143.85 | NOTE | |||
r-devel-windows-x86_64 | 0.3.3 | 8.00 | 76.00 | 84.00 | OK | |
r-patched-linux-x86_64 | 0.3.3 | 7.19 | 74.80 | 81.99 | OK | |
r-release-linux-x86_64 | 0.3.3 | 7.89 | 74.78 | 82.67 | OK | |
r-release-macos-arm64 | 0.3.3 | 38.00 | OK | |||
r-release-windows-x86_64 | 0.3.3 | 8.00 | 76.00 | 84.00 | OK | |
r-oldrel-macos-arm64 | 0.3.3 | 40.00 | OK | |||
r-oldrel-macos-x86_64 | 0.3.3 | 59.00 | OK | |||
r-oldrel-windows-x86_64 | 0.3.3 | 10.00 | 87.00 | 97.00 | OK |
Version: 0.3.3
Check: dependencies in R code
Result: NOTE
Namespaces in Imports field not imported from:
‘kableExtra’ ‘knitr’ ‘xtable’
All declared Imports should be used.
Flavors: r-devel-linux-x86_64-fedora-clang, r-devel-linux-x86_64-fedora-gcc