Last updated on 2024-05-14 18:49:27 CEST.
Flavor | Version | Tinstall | Tcheck | Ttotal | Status | Flags |
---|---|---|---|---|---|---|
r-devel-linux-x86_64-debian-clang | 0.6.0 | 2.82 | 35.51 | 38.33 | NOTE | |
r-devel-linux-x86_64-debian-gcc | 0.6.0 | 1.76 | 28.21 | 29.97 | NOTE | |
r-devel-linux-x86_64-fedora-clang | 0.6.0 | 50.26 | NOTE | |||
r-devel-linux-x86_64-fedora-gcc | 0.6.0 | 67.26 | NOTE | |||
r-devel-windows-x86_64 | 0.6.0 | 3.00 | 53.00 | 56.00 | NOTE | |
r-patched-linux-x86_64 | 0.6.0 | 2.88 | 35.33 | 38.21 | NOTE | |
r-release-linux-x86_64 | 0.6.0 | 2.59 | 35.33 | 37.92 | NOTE | |
r-release-macos-arm64 | 0.6.0 | 25.00 | NOTE | |||
r-release-windows-x86_64 | 0.6.0 | 4.00 | 52.00 | 56.00 | NOTE | |
r-oldrel-macos-arm64 | 0.6.0 | 23.00 | NOTE | |||
r-oldrel-macos-x86_64 | 0.6.0 | 37.00 | NOTE | |||
r-oldrel-windows-x86_64 | 0.6.0 | 3.00 | 51.00 | 54.00 | NOTE |
Version: 0.6.0
Check: LazyData
Result: NOTE
'LazyData' is specified without a 'data' directory
Flavors: r-devel-linux-x86_64-debian-clang, r-devel-linux-x86_64-debian-gcc, r-devel-linux-x86_64-fedora-clang, r-devel-linux-x86_64-fedora-gcc, r-devel-windows-x86_64, r-patched-linux-x86_64, r-release-linux-x86_64, r-release-macos-arm64, r-release-windows-x86_64, r-oldrel-macos-arm64, r-oldrel-macos-x86_64, r-oldrel-windows-x86_64
Version: 0.6.0
Check: Rd cross-references
Result: NOTE
Undeclared package ‘tibble’ in Rd xrefs
Flavor: r-devel-linux-x86_64-fedora-clang