Last updated on 2024-06-10 06:50:10 CEST.
Flavor | Version | Tinstall | Tcheck | Ttotal | Status | Flags |
---|---|---|---|---|---|---|
r-devel-linux-x86_64-debian-clang | 2.0.0 | 59.77 | 173.01 | 232.78 | NOTE | |
r-devel-linux-x86_64-debian-gcc | 2.0.0 | 55.33 | 124.29 | 179.62 | NOTE | |
r-devel-linux-x86_64-fedora-clang | 2.0.0 | 309.95 | NOTE | |||
r-devel-linux-x86_64-fedora-gcc | 2.0.0 | 304.88 | NOTE | |||
r-devel-windows-x86_64 | 2.0.0 | 50.00 | 152.00 | 202.00 | NOTE | |
r-patched-linux-x86_64 | 2.0.0 | 41.76 | 173.99 | 215.75 | NOTE | |
r-release-linux-x86_64 | 2.0.0 | 39.30 | 165.55 | 204.85 | NOTE | |
r-release-macos-arm64 | 2.0.0 | 86.00 | NOTE | |||
r-release-macos-x86_64 | 2.0.0 | 181.00 | NOTE | |||
r-release-windows-x86_64 | 2.0.0 | 51.00 | 201.00 | 252.00 | NOTE | |
r-oldrel-macos-arm64 | 2.0.0 | 80.00 | NOTE | |||
r-oldrel-macos-x86_64 | 2.0.0 | 198.00 | NOTE | |||
r-oldrel-windows-x86_64 | 2.0.0 | 66.00 | 181.00 | 247.00 | NOTE |
Version: 2.0.0
Check: Rd files
Result: NOTE
checkRd: (-1) BCNormal.Rd:60: Lost braces; missing escapes or markup?
60 | f(y) = y^{lambda-1} 1/sqrt(2 pi) exp(-((y^lambda-1)/lambda -mu)^2 / (2 sigma^2))
| ^
checkRd: (-1) cramer.Rd:24: Lost braces in \itemize; \value handles \item{}{} directly
checkRd: (-1) cramer.Rd:25: Lost braces in \itemize; \value handles \item{}{} directly
checkRd: (-1) cramer.Rd:26: Lost braces in \itemize; \value handles \item{}{} directly
checkRd: (-1) cramer.Rd:27: Lost braces in \itemize; \value handles \item{}{} directly
checkRd: (-1) mcor.Rd:21: Lost braces in \itemize; \value handles \item{}{} directly
checkRd: (-1) mcor.Rd:22: Lost braces in \itemize; \value handles \item{}{} directly
checkRd: (-1) mcor.Rd:23: Lost braces in \itemize; \value handles \item{}{} directly
checkRd: (-1) mcor.Rd:24: Lost braces in \itemize; \value handles \item{}{} directly
checkRd: (-1) mcor.Rd:25: Lost braces in \itemize; \value handles \item{}{} directly
checkRd: (-1) rmcb.Rd:38: Lost braces in \itemize; \value handles \item{}{} directly
checkRd: (-1) rmcb.Rd:39: Lost braces in \itemize; \value handles \item{}{} directly
checkRd: (-1) rmcb.Rd:40: Lost braces in \itemize; \value handles \item{}{} directly
checkRd: (-1) rmcb.Rd:41-42: Lost braces in \itemize; \value handles \item{}{} directly
checkRd: (-1) rmcb.Rd:43-44: Lost braces in \itemize; \value handles \item{}{} directly
checkRd: (-1) rmcb.Rd:45-46: Lost braces in \itemize; \value handles \item{}{} directly
checkRd: (-1) rmcb.Rd:47: Lost braces in \itemize; \value handles \item{}{} directly
checkRd: (-1) rmcb.Rd:48: Lost braces in \itemize; \value handles \item{}{} directly
checkRd: (-1) rmcb.Rd:49: Lost braces in \itemize; \value handles \item{}{} directly
checkRd: (-1) rmcb.Rd:50: Lost braces in \itemize; \value handles \item{}{} directly
Flavors: r-devel-linux-x86_64-debian-clang, r-devel-linux-x86_64-debian-gcc, r-devel-linux-x86_64-fedora-clang, r-devel-linux-x86_64-fedora-gcc, r-devel-windows-x86_64, r-patched-linux-x86_64, r-release-linux-x86_64, r-release-macos-arm64, r-release-macos-x86_64, r-release-windows-x86_64
Version: 2.0.0
Check: package dependencies
Result: NOTE
Package suggested but not available for checking: 'doMC'
Flavors: r-devel-windows-x86_64, r-release-windows-x86_64, r-oldrel-windows-x86_64
Version: 2.0.0
Check: installed package size
Result: NOTE
installed size is 5.1Mb
sub-directories of 1Mb or more:
R 1.1Mb
doc 2.7Mb
Flavors: r-devel-windows-x86_64, r-release-macos-arm64, r-release-macos-x86_64, r-release-windows-x86_64, r-oldrel-macos-arm64, r-oldrel-macos-x86_64, r-oldrel-windows-x86_64