Last updated on 2024-06-10 06:50:09 CEST.
Flavor | Version | Tinstall | Tcheck | Ttotal | Status | Flags |
---|---|---|---|---|---|---|
r-devel-linux-x86_64-debian-clang | 0.5.0 | 10.67 | 64.54 | 75.21 | NOTE | |
r-devel-linux-x86_64-debian-gcc | 0.5.0 | 6.35 | 46.71 | 53.06 | NOTE | |
r-devel-linux-x86_64-fedora-clang | 0.5.0 | 94.10 | NOTE | |||
r-devel-linux-x86_64-fedora-gcc | 0.5.0 | 85.73 | NOTE | |||
r-devel-windows-x86_64 | 0.5.0 | 8.00 | 67.00 | 75.00 | NOTE | |
r-patched-linux-x86_64 | 0.5.0 | 14.34 | 59.32 | 73.66 | NOTE | |
r-release-linux-x86_64 | 0.5.0 | 10.16 | 60.18 | 70.34 | NOTE | |
r-release-macos-arm64 | 0.5.0 | 28.00 | NOTE | |||
r-release-macos-x86_64 | 0.5.0 | 41.00 | NOTE | |||
r-release-windows-x86_64 | 0.5.0 | 9.00 | 70.00 | 79.00 | NOTE | |
r-oldrel-macos-arm64 | 0.5.0 | 29.00 | OK | |||
r-oldrel-macos-x86_64 | 0.5.0 | 47.00 | OK | |||
r-oldrel-windows-x86_64 | 0.5.0 | 10.00 | 77.00 | 87.00 | OK |
Version: 0.5.0
Check: Rd files
Result: NOTE
checkRd: (-1) gmSQL.Rd:36: Lost braces in \itemize; meant \describe ?
checkRd: (-1) gmSQL.Rd:37: Lost braces in \itemize; meant \describe ?
checkRd: (-1) gmSQL.Rd:38-42: Lost braces in \itemize; meant \describe ?
checkRd: (-1) gmSQL.Rd:43-44: Lost braces in \itemize; meant \describe ?
checkRd: (-1) gmSQL.Rd:45-46: Lost braces in \itemize; meant \describe ?
checkRd: (-1) gmSQL.Rd:47: Lost braces in \itemize; meant \describe ?
checkRd: (-1) gmSQL.Rd:48: Lost braces in \itemize; meant \describe ?
checkRd: (-1) gmSQL.Rd:49: Lost braces in \itemize; meant \describe ?
checkRd: (-1) gmSQL.Rd:50: Lost braces in \itemize; meant \describe ?
checkRd: (-1) gmSQL.Rd:51: Lost braces in \itemize; meant \describe ?
checkRd: (-1) gmSQL.Rd:52: Lost braces in \itemize; meant \describe ?
checkRd: (-1) gmSQL.Rd:53: Lost braces in \itemize; meant \describe ?
checkRd: (-1) gmSQL.Rd:54: Lost braces in \itemize; meant \describe ?
checkRd: (-1) gmSQL.Rd:55: Lost braces in \itemize; meant \describe ?
checkRd: (-1) gmSQL.Rd:56: Lost braces in \itemize; meant \describe ?
checkRd: (-1) gmSQL.Rd:57: Lost braces in \itemize; meant \describe ?
checkRd: (-1) gmSQL.Rd:58: Lost braces in \itemize; meant \describe ?
checkRd: (-1) gmSQL.Rd:59: Lost braces in \itemize; meant \describe ?
checkRd: (-1) gmSQL.Rd:60: Lost braces in \itemize; meant \describe ?
checkRd: (-1) gmSQL.Rd:61: Lost braces in \itemize; meant \describe ?
checkRd: (-1) gmSQL.Rd:62: Lost braces in \itemize; meant \describe ?
checkRd: (-1) gmSQL.Rd:63: Lost braces in \itemize; meant \describe ?
checkRd: (-1) gmSQL.Rd:64-65: Lost braces in \itemize; meant \describe ?
checkRd: (-1) gmSQL.Rd:66-67: Lost braces in \itemize; meant \describe ?
checkRd: (-1) gmSQL.Rd:68: Lost braces in \itemize; meant \describe ?
checkRd: (-1) gmSQL.Rd:69-70: Lost braces in \itemize; meant \describe ?
checkRd: (-1) gmSQL.Rd:71: Lost braces in \itemize; meant \describe ?
checkRd: (-1) gmSQL.Rd:72: Lost braces in \itemize; meant \describe ?
checkRd: (-1) gmSQL.Rd:73-74: Lost braces in \itemize; meant \describe ?
checkRd: (-1) gmSQL.Rd:75-76: Lost braces in \itemize; meant \describe ?
checkRd: (-1) gmSQL.Rd:77-78: Lost braces in \itemize; meant \describe ?
checkRd: (-1) gmSQL.Rd:79-80: Lost braces in \itemize; meant \describe ?
checkRd: (-1) gmSQL.Rd:81-82: Lost braces in \itemize; meant \describe ?
checkRd: (-1) gmSQL.Rd:83: Lost braces in \itemize; meant \describe ?
checkRd: (-1) gmSQL.Rd:84: Lost braces in \itemize; meant \describe ?
checkRd: (-1) gmSQL.Rd:85: Lost braces in \itemize; meant \describe ?
checkRd: (-1) gmSQL.Rd:86: Lost braces in \itemize; meant \describe ?
checkRd: (-1) gmSQL.Rd:87: Lost braces in \itemize; meant \describe ?
checkRd: (-1) gmSQL.Rd:88: Lost braces in \itemize; meant \describe ?
checkRd: (-1) gmSQLValues.Rd:16-22: Lost braces
16 | \itemize{\code{gmSQLValues}}{
| ^
Flavors: r-devel-linux-x86_64-debian-clang, r-devel-linux-x86_64-debian-gcc, r-devel-linux-x86_64-fedora-clang, r-devel-linux-x86_64-fedora-gcc, r-devel-windows-x86_64, r-patched-linux-x86_64, r-release-linux-x86_64, r-release-macos-arm64, r-release-macos-x86_64, r-release-windows-x86_64