Last updated on 2024-05-16 18:48:17 CEST.
Flavor | Version | Tinstall | Tcheck | Ttotal | Status | Flags |
---|---|---|---|---|---|---|
r-devel-linux-x86_64-debian-clang | 1.0.1 | 12.66 | 183.69 | 196.35 | NOTE | |
r-devel-linux-x86_64-debian-gcc | 1.0.1 | 7.12 | 140.07 | 147.19 | NOTE | |
r-devel-linux-x86_64-fedora-clang | 1.0.1 | 246.60 | NOTE | |||
r-devel-linux-x86_64-fedora-gcc | 1.0.1 | 238.99 | NOTE | |||
r-devel-windows-x86_64 | 1.0.1 | 10.00 | 142.00 | 152.00 | NOTE | |
r-patched-linux-x86_64 | 1.0.1 | 13.78 | 177.00 | 190.78 | NOTE | |
r-release-linux-x86_64 | 1.0.1 | 10.37 | 178.13 | 188.50 | NOTE | |
r-release-macos-arm64 | 1.0.1 | 68.00 | NOTE | |||
r-release-windows-x86_64 | 1.0.1 | 10.00 | 138.00 | 148.00 | NOTE | |
r-oldrel-macos-arm64 | 1.0.1 | 76.00 | OK | |||
r-oldrel-macos-x86_64 | 1.0.1 | 119.00 | OK | |||
r-oldrel-windows-x86_64 | 1.0.1 | 13.00 | 172.00 | 185.00 | OK |
Version: 1.0.1
Check: Rd files
Result: NOTE
checkRd: (-1) scale_pattern_alpha_continuous.Rd:24-45: Lost braces
24 | if (require("ggplot2")) {
| ^
Flavors: r-devel-linux-x86_64-debian-clang, r-devel-linux-x86_64-debian-gcc, r-devel-linux-x86_64-fedora-clang, r-devel-linux-x86_64-fedora-gcc, r-devel-windows-x86_64, r-patched-linux-x86_64, r-release-linux-x86_64, r-release-macos-arm64, r-release-windows-x86_64