Last updated on 2024-05-16 06:57:28 CEST.
Flavor | Version | Tinstall | Tcheck | Ttotal | Status | Flags |
---|---|---|---|---|---|---|
r-devel-linux-x86_64-debian-clang | 0.6.2 | 4.19 | 54.51 | 58.70 | OK | |
r-devel-linux-x86_64-debian-gcc | 0.6.2 | 3.91 | 40.80 | 44.71 | OK | |
r-devel-linux-x86_64-fedora-clang | 0.6.2 | 72.96 | NOTE | |||
r-devel-linux-x86_64-fedora-gcc | 0.6.2 | 105.58 | OK | |||
r-devel-windows-x86_64 | 0.6.2 | 6.00 | 60.00 | 66.00 | OK | |
r-patched-linux-x86_64 | 0.6.2 | 5.45 | 50.93 | 56.38 | OK | |
r-release-linux-x86_64 | 0.6.2 | 4.55 | 52.03 | 56.58 | OK | |
r-release-macos-arm64 | 0.6.2 | 25.00 | OK | |||
r-release-windows-x86_64 | 0.6.2 | 6.00 | 60.00 | 66.00 | OK | |
r-oldrel-macos-arm64 | 0.6.2 | 31.00 | OK | |||
r-oldrel-macos-x86_64 | 0.6.2 | 54.00 | OK | |||
r-oldrel-windows-x86_64 | 0.6.2 | 8.00 | 65.00 | 73.00 | OK |
Version: 0.6.2
Check: Rd cross-references
Result: NOTE
Undeclared packages ‘FactoMineR’, ‘ade4’, ‘factoextra’ in Rd xrefs
Flavor: r-devel-linux-x86_64-fedora-clang