Last updated on 2024-05-16 18:48:16 CEST.
Flavor | Version | Tinstall | Tcheck | Ttotal | Status | Flags |
---|---|---|---|---|---|---|
r-devel-linux-x86_64-debian-clang | 0.2.0 | 43.19 | 217.32 | 260.51 | OK | |
r-devel-linux-x86_64-debian-gcc | 0.2.0 | 31.32 | 164.41 | 195.73 | OK | |
r-devel-linux-x86_64-fedora-clang | 0.2.0 | 345.01 | NOTE | |||
r-devel-linux-x86_64-fedora-gcc | 0.2.0 | 453.47 | NOTE | |||
r-devel-windows-x86_64 | 0.2.0 | 28.00 | 151.00 | 179.00 | OK | |
r-patched-linux-x86_64 | 0.2.0 | 39.33 | 208.88 | 248.21 | OK | |
r-release-linux-x86_64 | 0.2.0 | 38.72 | 209.93 | 248.65 | OK | |
r-release-macos-arm64 | 0.2.0 | 82.00 | OK | |||
r-release-windows-x86_64 | 0.2.0 | 27.00 | 152.00 | 179.00 | OK | |
r-oldrel-macos-arm64 | 0.2.0 | 79.00 | OK | |||
r-oldrel-macos-x86_64 | 0.2.0 | 195.00 | OK | |||
r-oldrel-windows-x86_64 | 0.2.0 | 39.00 | 186.00 | 225.00 | OK |
Version: 0.2.0
Check: dependencies in R code
Result: NOTE
Namespace in Imports field not imported from: ‘tidyverse’
All declared Imports should be used.
Flavors: r-devel-linux-x86_64-fedora-clang, r-devel-linux-x86_64-fedora-gcc