Last updated on 2024-03-28 17:49:27 CET.
Flavor | Version | Tinstall | Tcheck | Ttotal | Status | Flags |
---|---|---|---|---|---|---|
r-devel-linux-x86_64-debian-clang | 0.53 | 60.39 | 182.76 | 243.15 | OK | |
r-devel-linux-x86_64-debian-gcc | 0.53 | 52.41 | 136.17 | 188.58 | OK | |
r-devel-linux-x86_64-fedora-clang | 0.53 | 309.79 | NOTE | |||
r-devel-linux-x86_64-fedora-gcc | 0.53 | 320.50 | OK | |||
r-devel-windows-x86_64 | 0.53 | 47.00 | 162.00 | 209.00 | OK | |
r-patched-linux-x86_64 | 0.53 | 62.55 | 177.25 | 239.80 | OK | |
r-release-linux-x86_64 | 0.53 | 60.65 | 178.28 | 238.93 | OK | |
r-release-macos-arm64 | 0.53 | 100.00 | NOTE | |||
r-release-macos-x86_64 | 0.53 | 185.00 | NOTE | |||
r-release-windows-x86_64 | 0.53 | 61.00 | 212.00 | 273.00 | OK | |
r-oldrel-macos-arm64 | 0.53 | 84.00 | NOTE | |||
r-oldrel-windows-x86_64 | 0.53 | 58.00 | 209.00 | 267.00 | OK |
Version: 0.53
Check: Rd cross-references
Result: NOTE
Undeclared package ‘quantreg’ in Rd xrefs
Flavor: r-devel-linux-x86_64-fedora-clang
Version: 0.53
Check: installed package size
Result: NOTE
installed size is 8.8Mb
sub-directories of 1Mb or more:
libs 7.4Mb
Flavors: r-release-macos-arm64, r-release-macos-x86_64, r-oldrel-macos-arm64