Last updated on 2024-06-10 06:50:07 CEST.
Flavor | Version | Tinstall | Tcheck | Ttotal | Status | Flags |
---|---|---|---|---|---|---|
r-devel-linux-x86_64-debian-clang | 2.0.1 | 18.65 | 202.29 | 220.94 | OK | |
r-devel-linux-x86_64-debian-gcc | 2.0.1 | 18.07 | 140.51 | 158.58 | OK | |
r-devel-linux-x86_64-fedora-clang | 2.0.1 | 277.13 | OK | |||
r-devel-linux-x86_64-fedora-gcc | 2.0.1 | 277.27 | OK | |||
r-devel-windows-x86_64 | 2.0.1 | 20.00 | 161.00 | 181.00 | OK | |
r-patched-linux-x86_64 | 2.0.1 | 23.87 | 183.03 | 206.90 | OK | |
r-release-linux-x86_64 | 2.0.1 | 21.76 | 190.35 | 212.11 | OK | |
r-release-macos-arm64 | 2.0.1 | 61.00 | NOTE | |||
r-release-macos-x86_64 | 2.0.1 | 132.00 | OK | |||
r-release-windows-x86_64 | 2.0.1 | 21.00 | 163.00 | 184.00 | OK | |
r-oldrel-macos-arm64 | 2.0.1 | 71.00 | NOTE | |||
r-oldrel-macos-x86_64 | 2.0.1 | 112.00 | NOTE | |||
r-oldrel-windows-x86_64 | 2.0.1 | 27.00 | 207.00 | 234.00 | OK |
Version: 2.0.1
Check: package dependencies
Result: NOTE
Package suggested but not available for checking: ‘gcspikelite’
Flavor: r-release-macos-arm64
Version: 2.0.1
Check: package dependencies
Result: NOTE
Packages suggested but not available for checking: 'mzR', 'gcspikelite'
Flavors: r-oldrel-macos-arm64, r-oldrel-macos-x86_64