Last updated on 2024-05-14 18:49:23 CEST.
Flavor | Version | Tinstall | Tcheck | Ttotal | Status | Flags |
---|---|---|---|---|---|---|
r-devel-linux-x86_64-debian-clang | 1.1 | 6.40 | 78.50 | 84.90 | OK | |
r-devel-linux-x86_64-debian-gcc | 1.1 | 5.93 | 59.78 | 65.71 | OK | |
r-devel-linux-x86_64-fedora-clang | 1.1 | 111.88 | NOTE | |||
r-devel-linux-x86_64-fedora-gcc | 1.1 | 150.06 | NOTE | |||
r-devel-windows-x86_64 | 1.1 | 8.00 | 91.00 | 99.00 | OK | |
r-patched-linux-x86_64 | 1.1 | 5.24 | 74.10 | 79.34 | OK | |
r-release-linux-x86_64 | 1.1 | 4.87 | 73.90 | 78.77 | OK | |
r-release-macos-arm64 | 1.1 | 32.00 | OK | |||
r-release-macos-x86_64 | 1.1 | 95.00 | OK | |||
r-release-windows-x86_64 | 1.1 | 8.00 | 88.00 | 96.00 | OK | |
r-oldrel-macos-arm64 | 1.1 | 42.00 | OK | |||
r-oldrel-macos-x86_64 | 1.1 | 91.00 | OK | |||
r-oldrel-windows-x86_64 | 1.1 | 10.00 | 107.00 | 117.00 | OK |
Version: 1.1
Check: dependencies in R code
Result: NOTE
Namespace in Imports field not imported from: ‘testthat’
All declared Imports should be used.
Flavors: r-devel-linux-x86_64-fedora-clang, r-devel-linux-x86_64-fedora-gcc
Version: 1.1
Check: data for non-ASCII characters
Result: NOTE
Note: found 15 marked UTF-8 strings
Flavors: r-devel-linux-x86_64-fedora-clang, r-devel-linux-x86_64-fedora-gcc