Last updated on 2024-05-16 06:57:25 CEST.
Flavor | Version | Tinstall | Tcheck | Ttotal | Status | Flags |
---|---|---|---|---|---|---|
r-devel-linux-x86_64-debian-clang | 0.1.6 | 7.33 | 89.87 | 97.20 | NOTE | |
r-devel-linux-x86_64-debian-gcc | 0.1.6 | 6.27 | 66.14 | 72.41 | NOTE | |
r-devel-linux-x86_64-fedora-clang | 0.1.6 | 128.15 | NOTE | |||
r-devel-linux-x86_64-fedora-gcc | 0.1.6 | 184.01 | NOTE | |||
r-devel-windows-x86_64 | 0.1.6 | 10.00 | 83.00 | 93.00 | NOTE | |
r-patched-linux-x86_64 | 0.1.6 | 6.55 | 85.14 | 91.69 | NOTE | |
r-release-linux-x86_64 | 0.1.6 | 6.24 | 82.99 | 89.23 | NOTE | |
r-release-macos-arm64 | 0.1.6 | 42.00 | NOTE | |||
r-release-macos-x86_64 | 0.1.6 | 101.00 | NOTE | |||
r-release-windows-x86_64 | 0.1.6 | 9.00 | 81.00 | 90.00 | NOTE | |
r-oldrel-macos-arm64 | 0.1.6 | 49.00 | NOTE | |||
r-oldrel-macos-x86_64 | 0.1.6 | 81.00 | NOTE | |||
r-oldrel-windows-x86_64 | 0.1.6 | 11.00 | 95.00 | 106.00 | NOTE |
Version: 0.1.6
Check: package dependencies
Result: NOTE
Package suggested but not available for checking: ‘epidict’
Flavors: r-devel-linux-x86_64-debian-clang, r-devel-linux-x86_64-debian-gcc, r-devel-linux-x86_64-fedora-clang, r-devel-linux-x86_64-fedora-gcc, r-devel-windows-x86_64, r-patched-linux-x86_64, r-release-linux-x86_64, r-release-macos-arm64, r-release-macos-x86_64, r-release-windows-x86_64, r-oldrel-macos-arm64, r-oldrel-macos-x86_64, r-oldrel-windows-x86_64