Last updated on 2024-06-10 06:50:07 CEST.
Flavor | Version | Tinstall | Tcheck | Ttotal | Status | Flags |
---|---|---|---|---|---|---|
r-devel-linux-x86_64-debian-clang | 1.0.0 | 39.85 | 29.13 | 68.98 | OK | |
r-devel-linux-x86_64-debian-gcc | 1.0.0 | 33.91 | 24.08 | 57.99 | OK | |
r-devel-linux-x86_64-fedora-clang | 1.0.0 | 93.82 | NOTE | |||
r-devel-linux-x86_64-fedora-gcc | 1.0.0 | 92.16 | OK | |||
r-devel-windows-x86_64 | 1.0.0 | 41.00 | 46.00 | 87.00 | NOTE | |
r-patched-linux-x86_64 | 1.0.0 | 41.43 | 28.79 | 70.22 | OK | |
r-release-linux-x86_64 | 1.0.0 | 38.56 | 29.96 | 68.52 | OK | |
r-release-macos-arm64 | 1.0.0 | 52.00 | NOTE | |||
r-release-macos-x86_64 | 1.0.0 | 56.00 | NOTE | |||
r-release-windows-x86_64 | 1.0.0 | 38.00 | 44.00 | 82.00 | NOTE | |
r-oldrel-macos-arm64 | 1.0.0 | 62.00 | NOTE | |||
r-oldrel-macos-x86_64 | 1.0.0 | 117.00 | NOTE | |||
r-oldrel-windows-x86_64 | 1.0.0 | 41.00 | 101.00 | 142.00 | NOTE |
Version: 1.0.0
Check: installed package size
Result: NOTE
installed size is 7.4Mb
sub-directories of 1Mb or more:
data 7.3Mb
Flavors: r-devel-linux-x86_64-fedora-clang, r-devel-windows-x86_64, r-release-macos-arm64, r-release-macos-x86_64, r-release-windows-x86_64, r-oldrel-macos-arm64, r-oldrel-macos-x86_64, r-oldrel-windows-x86_64