Last updated on 2024-06-10 06:50:06 CEST.
Flavor | Version | Tinstall | Tcheck | Ttotal | Status | Flags |
---|---|---|---|---|---|---|
r-devel-linux-x86_64-debian-clang | 4.0.3 | 14.73 | 97.34 | 112.07 | OK | |
r-devel-linux-x86_64-debian-gcc | 4.0.3 | 10.03 | 73.35 | 83.38 | OK | |
r-devel-linux-x86_64-fedora-clang | 4.0.3 | 139.70 | NOTE | |||
r-devel-linux-x86_64-fedora-gcc | 4.0.3 | 144.60 | OK | |||
r-devel-windows-x86_64 | 4.0.3 | 13.00 | 96.00 | 109.00 | OK | |
r-patched-linux-x86_64 | 4.0.3 | 12.35 | 93.57 | 105.92 | OK | |
r-release-linux-x86_64 | 4.0.3 | 11.17 | 90.18 | 101.35 | OK | |
r-release-macos-arm64 | 4.0.3 | 50.00 | OK | |||
r-release-macos-x86_64 | 4.0.3 | 70.00 | OK | |||
r-release-windows-x86_64 | 4.0.3 | 12.00 | 95.00 | 107.00 | OK | |
r-oldrel-macos-arm64 | 4.0.3 | 54.00 | OK | |||
r-oldrel-macos-x86_64 | 4.0.3 | 125.00 | OK | |||
r-oldrel-windows-x86_64 | 4.0.3 | 17.00 | 109.00 | 126.00 | OK |
Version: 4.0.3
Check: installed package size
Result: NOTE
installed size is 10.4Mb
sub-directories of 1Mb or more:
libs 9.8Mb
Flavor: r-devel-linux-x86_64-fedora-clang