Last updated on 2024-05-16 06:57:22 CEST.
Flavor | Version | Tinstall | Tcheck | Ttotal | Status | Flags |
---|---|---|---|---|---|---|
r-devel-linux-x86_64-debian-clang | 1.4 | 8.66 | 94.25 | 102.91 | NOTE | |
r-devel-linux-x86_64-debian-gcc | 1.4 | 6.05 | 67.20 | 73.25 | NOTE | |
r-devel-linux-x86_64-fedora-clang | 1.4 | 134.31 | NOTE | |||
r-devel-linux-x86_64-fedora-gcc | 1.4 | 191.94 | NOTE | |||
r-devel-windows-x86_64 | 1.4 | 8.00 | 89.00 | 97.00 | NOTE | |
r-patched-linux-x86_64 | 1.4 | 8.00 | 90.31 | 98.31 | NOTE | |
r-release-linux-x86_64 | 1.4 | 7.48 | 89.84 | 97.32 | NOTE | |
r-release-macos-arm64 | 1.4 | 43.00 | NOTE | |||
r-release-windows-x86_64 | 1.4 | 9.00 | 88.00 | 97.00 | NOTE | |
r-oldrel-macos-arm64 | 1.4 | 40.00 | OK | |||
r-oldrel-macos-x86_64 | 1.4 | 64.00 | OK | |||
r-oldrel-windows-x86_64 | 1.4 | 9.00 | 99.00 | 108.00 | OK |
Version: 1.4
Check: Rd files
Result: NOTE
checkRd: (-1) summary_fitlist.Rd:15: Lost braces in \itemize; \value handles \item{}{} directly
checkRd: (-1) summary_fitlist.Rd:16: Lost braces in \itemize; \value handles \item{}{} directly
checkRd: (-1) summary_fitlist.Rd:17: Lost braces in \itemize; \value handles \item{}{} directly
checkRd: (-1) summary_fitlist.Rd:18: Lost braces in \itemize; \value handles \item{}{} directly
checkRd: (-1) summary_fitlist.Rd:19: Lost braces in \itemize; \value handles \item{}{} directly
Flavors: r-devel-linux-x86_64-debian-clang, r-devel-linux-x86_64-debian-gcc, r-devel-linux-x86_64-fedora-clang, r-devel-linux-x86_64-fedora-gcc, r-devel-windows-x86_64, r-patched-linux-x86_64, r-release-linux-x86_64, r-release-macos-arm64, r-release-windows-x86_64