Last updated on 2024-06-10 06:50:05 CEST.
Flavor | Version | Tinstall | Tcheck | Ttotal | Status | Flags |
---|---|---|---|---|---|---|
r-devel-linux-x86_64-debian-clang | 2.3.4 | 9.32 | 99.24 | 108.56 | NOTE | |
r-devel-linux-x86_64-debian-gcc | 2.3.4 | 8.16 | 75.64 | 83.80 | NOTE | |
r-devel-linux-x86_64-fedora-clang | 2.3.4 | 142.63 | NOTE | |||
r-devel-linux-x86_64-fedora-gcc | 2.3.4 | 143.20 | NOTE | |||
r-devel-windows-x86_64 | 2.3.4 | 9.00 | 101.00 | 110.00 | NOTE | --no-vignettes |
r-patched-linux-x86_64 | 2.3.4 | 13.90 | 94.61 | 108.51 | NOTE | |
r-release-linux-x86_64 | 2.3.4 | 11.02 | 97.68 | 108.70 | NOTE | |
r-release-macos-arm64 | 2.3.4 | 50.00 | NOTE | |||
r-release-macos-x86_64 | 2.3.4 | 71.00 | NOTE | |||
r-release-windows-x86_64 | 2.3.4 | 10.00 | 107.00 | 117.00 | NOTE | --no-vignettes |
r-oldrel-macos-arm64 | 2.3.4 | 49.00 | NOTE | |||
r-oldrel-macos-x86_64 | 2.3.4 | 81.00 | NOTE | |||
r-oldrel-windows-x86_64 | 2.3.4 | 12.00 | 104.00 | 116.00 | NOTE | --no-vignettes |
Version: 2.3.4
Check: LazyData
Result: NOTE
'LazyData' is specified without a 'data' directory
Flavors: r-devel-linux-x86_64-debian-clang, r-devel-linux-x86_64-debian-gcc, r-devel-linux-x86_64-fedora-clang, r-devel-linux-x86_64-fedora-gcc, r-patched-linux-x86_64, r-release-linux-x86_64, r-release-macos-arm64, r-release-macos-x86_64, r-oldrel-macos-arm64, r-oldrel-macos-x86_64
Version: 2.3.4
Flags: --no-vignettes
Check: LazyData
Result: NOTE
'LazyData' is specified without a 'data' directory
Flavors: r-devel-windows-x86_64, r-release-windows-x86_64, r-oldrel-windows-x86_64