Last updated on 2024-05-16 06:57:20 CEST.
Flavor | Version | Tinstall | Tcheck | Ttotal | Status | Flags |
---|---|---|---|---|---|---|
r-devel-linux-x86_64-debian-clang | 0.7.0 | 13.57 | 145.83 | 159.40 | OK | |
r-devel-linux-x86_64-debian-gcc | 0.7.0 | 7.91 | 104.83 | 112.74 | OK | |
r-devel-linux-x86_64-fedora-clang | 0.7.0 | 189.88 | NOTE | |||
r-devel-linux-x86_64-fedora-gcc | 0.7.0 | 196.18 | OK | |||
r-devel-windows-x86_64 | 0.7.0 | 13.00 | 110.00 | 123.00 | NOTE | |
r-patched-linux-x86_64 | 0.7.0 | 18.58 | 143.38 | 161.96 | OK | |
r-release-linux-x86_64 | 0.7.0 | 10.43 | 141.25 | 151.68 | OK | |
r-release-macos-arm64 | 0.7.0 | 46.00 | NOTE | |||
r-release-macos-x86_64 | 0.7.0 | 126.00 | NOTE | |||
r-release-windows-x86_64 | 0.7.0 | 15.00 | 111.00 | 126.00 | NOTE | |
r-oldrel-macos-arm64 | 0.7.0 | 50.00 | NOTE | |||
r-oldrel-macos-x86_64 | 0.7.0 | 106.00 | NOTE | |||
r-oldrel-windows-x86_64 | 0.7.0 | 17.00 | 131.00 | 148.00 | NOTE |
Version: 0.7.0
Check: installed package size
Result: NOTE
installed size is 12.2Mb
sub-directories of 1Mb or more:
components 1.0Mb
fonts 2.8Mb
lib 5.6Mb
Flavors: r-devel-linux-x86_64-fedora-clang, r-devel-windows-x86_64, r-release-macos-arm64, r-release-macos-x86_64, r-release-windows-x86_64, r-oldrel-macos-arm64, r-oldrel-macos-x86_64, r-oldrel-windows-x86_64