Last updated on 2024-06-10 06:50:04 CEST.
Flavor | Version | Tinstall | Tcheck | Ttotal | Status | Flags |
---|---|---|---|---|---|---|
r-devel-linux-x86_64-debian-clang | 0.3.6 | 9.30 | 75.41 | 84.71 | OK | |
r-devel-linux-x86_64-debian-gcc | 0.3.6 | 6.10 | 55.25 | 61.35 | OK | |
r-devel-linux-x86_64-fedora-clang | 0.3.6 | 110.57 | NOTE | |||
r-devel-linux-x86_64-fedora-gcc | 0.3.6 | 117.41 | OK | |||
r-devel-windows-x86_64 | 0.3.6 | 8.00 | 85.00 | 93.00 | OK | |
r-patched-linux-x86_64 | 0.3.6 | 16.21 | 70.61 | 86.82 | OK | |
r-release-linux-x86_64 | 0.3.6 | 4.61 | 70.39 | 75.00 | OK | |
r-release-macos-arm64 | 0.3.6 | 42.00 | OK | |||
r-release-macos-x86_64 | 0.3.6 | 72.00 | OK | |||
r-release-windows-x86_64 | 0.3.6 | 8.00 | 85.00 | 93.00 | OK | |
r-oldrel-macos-arm64 | 0.3.6 | 43.00 | OK | |||
r-oldrel-macos-x86_64 | 0.3.6 | 65.00 | OK | |||
r-oldrel-windows-x86_64 | 0.3.6 | 10.00 | 90.00 | 100.00 | OK |
Version: 0.3.6
Check: Rd cross-references
Result: NOTE
Undeclared packages ‘data.table’, ‘readxl’, ‘openxlsx’ in Rd xrefs
Flavor: r-devel-linux-x86_64-fedora-clang