Last updated on 2024-05-16 06:57:18 CEST.
Flavor | Version | Tinstall | Tcheck | Ttotal | Status | Flags |
---|---|---|---|---|---|---|
r-devel-linux-x86_64-debian-clang | 1.0.0 | 41.06 | 364.93 | 405.99 | OK | |
r-devel-linux-x86_64-debian-gcc | 1.0.0 | 30.92 | 258.35 | 289.27 | OK | |
r-devel-linux-x86_64-fedora-clang | 1.0.0 | 508.94 | NOTE | |||
r-devel-linux-x86_64-fedora-gcc | 1.0.0 | 637.55 | OK | |||
r-devel-windows-x86_64 | 1.0.0 | 29.00 | 217.00 | 246.00 | NOTE | |
r-patched-linux-x86_64 | 1.0.0 | 25.86 | 341.69 | 367.55 | OK | |
r-release-linux-x86_64 | 1.0.0 | 24.76 | 346.48 | 371.24 | OK | |
r-release-macos-arm64 | 1.0.0 | 132.00 | NOTE | |||
r-release-windows-x86_64 | 1.0.0 | 29.00 | 218.00 | 247.00 | NOTE | |
r-oldrel-macos-arm64 | 1.0.0 | 150.00 | NOTE | |||
r-oldrel-macos-x86_64 | 1.0.0 | 235.00 | NOTE | |||
r-oldrel-windows-x86_64 | 1.0.0 | 41.00 | 300.00 | 341.00 | NOTE |
Version: 1.0.0
Check: installed package size
Result: NOTE
installed size is 5.6Mb
sub-directories of 1Mb or more:
data 4.7Mb
Flavors: r-devel-linux-x86_64-fedora-clang, r-devel-windows-x86_64, r-release-macos-arm64, r-release-windows-x86_64, r-oldrel-macos-arm64, r-oldrel-macos-x86_64, r-oldrel-windows-x86_64