Last updated on 2024-05-14 18:49:43 CEST.
Flavor | Version | Tinstall | Tcheck | Ttotal | Status | Flags |
---|---|---|---|---|---|---|
r-devel-linux-x86_64-debian-clang | 0.1.1 | 26.26 | 319.92 | 346.18 | OK | |
r-devel-linux-x86_64-debian-gcc | 0.1.1 | 23.86 | 223.22 | 247.08 | OK | |
r-devel-linux-x86_64-fedora-clang | 0.1.1 | 427.08 | NOTE | |||
r-devel-linux-x86_64-fedora-gcc | 0.1.1 | 582.48 | NOTE | |||
r-devel-windows-x86_64 | 0.1.1 | 23.00 | 193.00 | 216.00 | OK | |
r-patched-linux-x86_64 | 0.1.1 | 24.31 | 301.49 | 325.80 | OK | |
r-release-linux-x86_64 | 0.1.1 | 30.25 | 298.74 | 328.99 | OK | |
r-release-macos-arm64 | 0.1.1 | 116.00 | OK | |||
r-release-macos-x86_64 | 0.1.1 | 318.00 | OK | |||
r-release-windows-x86_64 | 0.1.1 | 23.00 | 192.00 | 215.00 | OK | |
r-oldrel-macos-arm64 | 0.1.1 | 115.00 | OK | |||
r-oldrel-macos-x86_64 | 0.1.1 | 253.00 | OK | |||
r-oldrel-windows-x86_64 | 0.1.1 | 32.00 | 264.00 | 296.00 | OK |
Version: 0.1.1
Check: data for non-ASCII characters
Result: NOTE
Note: found 4 marked Latin-1 strings
Note: found 5 marked UTF-8 strings
Flavors: r-devel-linux-x86_64-fedora-clang, r-devel-linux-x86_64-fedora-gcc