Last updated on 2024-05-16 18:48:31 CEST.
Flavor | Version | Tinstall | Tcheck | Ttotal | Status | Flags |
---|---|---|---|---|---|---|
r-devel-linux-x86_64-debian-clang | 1.6.4 | 266.42 | 236.25 | 502.67 | OK | |
r-devel-linux-x86_64-debian-gcc | 1.6.4 | 259.21 | 165.56 | 424.77 | OK | |
r-devel-linux-x86_64-fedora-clang | 1.6.4 | 537.67 | OK | |||
r-devel-linux-x86_64-fedora-gcc | 1.6.4 | 720.31 | OK | |||
r-devel-windows-x86_64 | 1.6.4 | 207.00 | 202.00 | 409.00 | NOTE | |
r-patched-linux-x86_64 | 1.6.4 | 231.96 | 223.31 | 455.27 | OK | |
r-release-linux-x86_64 | 1.6.4 | 210.77 | 225.39 | 436.16 | NOTE | |
r-release-macos-arm64 | 1.6.4 | 130.00 | NOTE | |||
r-release-macos-x86_64 | 1.6.4 | 379.00 | NOTE | |||
r-release-windows-x86_64 | 1.6.4 | 204.00 | 197.00 | 401.00 | NOTE | |
r-oldrel-macos-arm64 | 1.6.4 | 143.00 | NOTE | |||
r-oldrel-macos-x86_64 | 1.6.4 | 359.00 | NOTE | |||
r-oldrel-windows-x86_64 | 1.6.4 | 279.00 | 258.00 | 537.00 | NOTE |
Version: 1.6.4
Check: installed package size
Result: NOTE
installed size is 15.3Mb
sub-directories of 1Mb or more:
R 1.3Mb
libs 13.4Mb
Flavors: r-devel-windows-x86_64, r-release-macos-arm64, r-release-macos-x86_64, r-release-windows-x86_64, r-oldrel-macos-arm64, r-oldrel-macos-x86_64, r-oldrel-windows-x86_64
Version: 1.6.4
Check: package dependencies
Result: NOTE
Package suggested but not available for checking: ‘tmbstan’
Flavor: r-release-linux-x86_64