Last updated on 2024-05-16 18:48:30 CEST.
Flavor | Version | Tinstall | Tcheck | Ttotal | Status | Flags |
---|---|---|---|---|---|---|
r-devel-linux-x86_64-debian-clang | 2.1.0 | 25.06 | 227.11 | 252.17 | OK | |
r-devel-linux-x86_64-debian-gcc | 2.1.0 | 18.07 | 166.74 | 184.81 | OK | |
r-devel-linux-x86_64-fedora-clang | 2.1.0 | 312.59 | OK | |||
r-devel-linux-x86_64-fedora-gcc | 2.1.0 | 343.55 | OK | |||
r-devel-windows-x86_64 | 2.1.0 | 21.00 | 163.00 | 184.00 | OK | |
r-patched-linux-x86_64 | 2.1.0 | 22.47 | 216.34 | 238.81 | OK | |
r-release-linux-x86_64 | 2.1.0 | 22.08 | 216.91 | 238.99 | OK | |
r-release-macos-arm64 | 2.1.0 | 87.00 | OK | |||
r-release-macos-x86_64 | 2.1.0 | 158.00 | NOTE | |||
r-release-windows-x86_64 | 2.1.0 | 21.00 | 167.00 | 188.00 | OK | |
r-oldrel-macos-arm64 | 2.1.0 | 86.00 | NOTE | |||
r-oldrel-macos-x86_64 | 2.1.0 | 132.00 | NOTE | |||
r-oldrel-windows-x86_64 | 2.1.0 | 28.00 | 209.00 | 237.00 | OK |
Version: 2.1.0
Check: package dependencies
Result: NOTE
Packages suggested but not available for checking: 'Gviz', 'rtracklayer'
Flavor: r-release-macos-x86_64
Version: 2.1.0
Check: package dependencies
Result: NOTE
Package suggested but not available for checking: ‘Gviz’
Flavors: r-oldrel-macos-arm64, r-oldrel-macos-x86_64