Last updated on 2024-06-10 06:50:17 CEST.
Flavor | Version | Tinstall | Tcheck | Ttotal | Status | Flags |
---|---|---|---|---|---|---|
r-devel-linux-x86_64-debian-clang | 2.4.11 | 17.23 | 192.79 | 210.02 | NOTE | |
r-devel-linux-x86_64-debian-gcc | 2.4.11 | 18.11 | 137.44 | 155.55 | NOTE | |
r-devel-linux-x86_64-fedora-clang | 2.4.11 | 262.49 | NOTE | |||
r-devel-linux-x86_64-fedora-gcc | 2.4.11 | 257.70 | NOTE | |||
r-devel-windows-x86_64 | 2.4.11 | 19.00 | 143.00 | 162.00 | NOTE | |
r-patched-linux-x86_64 | 2.4.11 | 18.82 | 176.41 | 195.23 | NOTE | |
r-release-linux-x86_64 | 2.4.11 | 23.22 | 181.16 | 204.38 | NOTE | |
r-release-macos-arm64 | 2.4.11 | 78.00 | NOTE | |||
r-release-macos-x86_64 | 2.4.11 | 120.00 | NOTE | |||
r-release-windows-x86_64 | 2.4.11 | 19.00 | 142.00 | 161.00 | NOTE | |
r-oldrel-macos-arm64 | 2.4.11 | 82.00 | OK | |||
r-oldrel-macos-x86_64 | 2.4.11 | 136.00 | OK | |||
r-oldrel-windows-x86_64 | 2.4.11 | 24.00 | 186.00 | 210.00 | OK |
Version: 2.4.11
Check: Rd files
Result: NOTE
checkRd: (-1) nexml_get.Rd:30: Lost braces in \itemize; meant \describe ?
checkRd: (-1) nexml_get.Rd:31: Lost braces in \itemize; meant \describe ?
checkRd: (-1) nexml_get.Rd:32: Lost braces in \itemize; meant \describe ?
checkRd: (-1) nexml_get.Rd:33: Lost braces in \itemize; meant \describe ?
checkRd: (-1) nexml_get.Rd:34: Lost braces in \itemize; meant \describe ?
checkRd: (-1) nexml_get.Rd:35: Lost braces in \itemize; meant \describe ?
Flavors: r-devel-linux-x86_64-debian-clang, r-devel-linux-x86_64-debian-gcc, r-devel-linux-x86_64-fedora-clang, r-devel-linux-x86_64-fedora-gcc, r-devel-windows-x86_64, r-patched-linux-x86_64, r-release-linux-x86_64, r-release-macos-arm64, r-release-macos-x86_64, r-release-windows-x86_64