Last updated on 2024-06-10 06:50:16 CEST.
Flavor | Version | Tinstall | Tcheck | Ttotal | Status | Flags |
---|---|---|---|---|---|---|
r-devel-linux-x86_64-debian-clang | 1.1.4 | 7.99 | 67.32 | 75.31 | NOTE | |
r-devel-linux-x86_64-debian-gcc | 1.1.4 | 6.44 | 48.91 | 55.35 | NOTE | |
r-devel-linux-x86_64-fedora-clang | 1.1.4 | 94.31 | NOTE | |||
r-devel-linux-x86_64-fedora-gcc | 1.1.4 | 85.51 | NOTE | |||
r-devel-windows-x86_64 | 1.1.4 | 7.00 | 65.00 | 72.00 | NOTE | |
r-patched-linux-x86_64 | 1.1.4 | 6.46 | 63.26 | 69.72 | NOTE | |
r-release-linux-x86_64 | 1.1.4 | 5.35 | 61.53 | 66.88 | NOTE | |
r-release-macos-arm64 | 1.1.4 | 30.00 | NOTE | |||
r-release-macos-x86_64 | 1.1.4 | 46.00 | NOTE | |||
r-release-windows-x86_64 | 1.1.4 | 8.00 | 65.00 | 73.00 | NOTE | |
r-oldrel-macos-arm64 | 1.1.4 | 29.00 | NOTE | |||
r-oldrel-macos-x86_64 | 1.1.4 | 43.00 | NOTE | |||
r-oldrel-windows-x86_64 | 1.1.4 | 9.00 | 76.00 | 85.00 | NOTE |
Version: 1.1.4
Check: LazyData
Result: NOTE
'LazyData' is specified without a 'data' directory
Flavors: r-devel-linux-x86_64-debian-clang, r-devel-linux-x86_64-debian-gcc, r-devel-linux-x86_64-fedora-clang, r-devel-linux-x86_64-fedora-gcc, r-devel-windows-x86_64, r-patched-linux-x86_64, r-release-linux-x86_64, r-release-macos-arm64, r-release-macos-x86_64, r-release-windows-x86_64, r-oldrel-macos-arm64, r-oldrel-macos-x86_64, r-oldrel-windows-x86_64