Last updated on 2024-06-10 06:50:15 CEST.
Flavor | Version | Tinstall | Tcheck | Ttotal | Status | Flags |
---|---|---|---|---|---|---|
r-devel-linux-x86_64-debian-clang | 1.6.0 | 43.54 | 366.53 | 410.07 | OK | |
r-devel-linux-x86_64-debian-gcc | 1.6.0 | 29.47 | 255.27 | 284.74 | OK | |
r-devel-linux-x86_64-fedora-clang | 1.6.0 | 497.68 | NOTE | |||
r-devel-linux-x86_64-fedora-gcc | 1.6.0 | 476.21 | OK | |||
r-devel-windows-x86_64 | 1.6.0 | 30.00 | 244.00 | 274.00 | NOTE | |
r-patched-linux-x86_64 | 1.6.0 | 42.70 | 351.53 | 394.23 | OK | |
r-release-linux-x86_64 | 1.6.0 | 26.26 | 353.41 | 379.67 | OK | |
r-release-macos-arm64 | 1.6.0 | 120.00 | NOTE | |||
r-release-macos-x86_64 | 1.6.0 | 189.00 | NOTE | |||
r-release-windows-x86_64 | 1.6.0 | 30.00 | 243.00 | 273.00 | NOTE | |
r-oldrel-macos-arm64 | 1.6.0 | 123.00 | NOTE | |||
r-oldrel-macos-x86_64 | 1.6.0 | 245.00 | NOTE | |||
r-oldrel-windows-x86_64 | 1.6.0 | 41.00 | 318.00 | 359.00 | NOTE |
Version: 1.6.0
Check: installed package size
Result: NOTE
installed size is 7.0Mb
sub-directories of 1Mb or more:
doc 5.9Mb
Flavors: r-devel-linux-x86_64-fedora-clang, r-devel-windows-x86_64, r-release-macos-arm64, r-release-macos-x86_64, r-release-windows-x86_64, r-oldrel-macos-arm64, r-oldrel-macos-x86_64, r-oldrel-windows-x86_64