Last updated on 2024-06-10 06:50:13 CEST.
Flavor | Version | Tinstall | Tcheck | Ttotal | Status | Flags |
---|---|---|---|---|---|---|
r-devel-linux-x86_64-debian-clang | 6.0 | 85.03 | 91.47 | 176.50 | OK | |
r-devel-linux-x86_64-debian-gcc | 6.0 | 53.48 | 63.70 | 117.18 | OK | |
r-devel-linux-x86_64-fedora-clang | 6.0 | 212.63 | OK | |||
r-devel-linux-x86_64-fedora-gcc | 6.0 | 238.10 | OK | |||
r-devel-windows-x86_64 | 6.0 | 56.00 | 92.00 | 148.00 | OK | |
r-patched-linux-x86_64 | 6.0 | 61.53 | 87.68 | 149.21 | OK | |
r-release-linux-x86_64 | 6.0 | 65.50 | 87.85 | 153.35 | OK | |
r-release-macos-arm64 | 6.0 | 48.00 | NOTE | |||
r-release-macos-x86_64 | 6.0 | 107.00 | NOTE | |||
r-release-windows-x86_64 | 6.0 | 58.00 | 96.00 | 154.00 | OK | |
r-oldrel-macos-arm64 | 6.0 | 56.00 | NOTE | |||
r-oldrel-macos-x86_64 | 6.0 | 98.00 | NOTE | |||
r-oldrel-windows-x86_64 | 6.0 | 73.00 | 119.00 | 192.00 | OK |
Version: 6.0
Check: installed package size
Result: NOTE
installed size is 7.1Mb
sub-directories of 1Mb or more:
libs 6.5Mb
Flavors: r-release-macos-arm64, r-release-macos-x86_64, r-oldrel-macos-arm64, r-oldrel-macos-x86_64
Version: 6.0
Check: package dependencies
Result: NOTE
Package suggested but not available for checking: ‘tmvtnorm’
Flavor: r-oldrel-macos-x86_64