Last updated on 2024-05-14 18:49:31 CEST.
Flavor | Version | Tinstall | Tcheck | Ttotal | Status | Flags |
---|---|---|---|---|---|---|
r-devel-linux-x86_64-debian-clang | 0.8.0 | 49.24 | 59.43 | 108.67 | NOTE | |
r-devel-linux-x86_64-debian-gcc | 0.8.0 | 38.78 | 41.76 | 80.54 | NOTE | |
r-devel-linux-x86_64-fedora-clang | 0.8.0 | 146.44 | NOTE | |||
r-devel-linux-x86_64-fedora-gcc | 0.8.0 | 201.14 | NOTE | |||
r-devel-windows-x86_64 | 0.8.0 | 41.00 | 85.00 | 126.00 | NOTE | |
r-patched-linux-x86_64 | 0.8.0 | 46.90 | 51.87 | 98.77 | NOTE | |
r-release-linux-x86_64 | 0.8.0 | 52.32 | 51.21 | 103.53 | NOTE | |
r-release-macos-arm64 | 0.8.0 | 33.00 | NOTE | |||
r-release-windows-x86_64 | 0.8.0 | 41.00 | 85.00 | 126.00 | NOTE | |
r-oldrel-macos-arm64 | 0.8.0 | 44.00 | NOTE | |||
r-oldrel-macos-x86_64 | 0.8.0 | 58.00 | NOTE | |||
r-oldrel-windows-x86_64 | 0.8.0 | 51.00 | 97.00 | 148.00 | NOTE |
Version: 0.8.0
Check: LazyData
Result: NOTE
'LazyData' is specified without a 'data' directory
Flavors: r-devel-linux-x86_64-debian-clang, r-devel-linux-x86_64-debian-gcc, r-devel-linux-x86_64-fedora-clang, r-devel-linux-x86_64-fedora-gcc, r-devel-windows-x86_64, r-patched-linux-x86_64, r-release-linux-x86_64, r-release-macos-arm64, r-release-windows-x86_64, r-oldrel-macos-arm64, r-oldrel-macos-x86_64, r-oldrel-windows-x86_64