Last updated on 2024-05-16 06:57:32 CEST.
Flavor | Version | Tinstall | Tcheck | Ttotal | Status | Flags |
---|---|---|---|---|---|---|
r-devel-linux-x86_64-debian-clang | 11.0-0 | 42.07 | 109.12 | 151.19 | OK | |
r-devel-linux-x86_64-debian-gcc | 11.0-0 | 36.67 | 82.20 | 118.87 | OK | |
r-devel-linux-x86_64-fedora-clang | 11.0-0 | 205.87 | NOTE | |||
r-devel-linux-x86_64-fedora-gcc | 11.0-0 | 241.33 | OK | |||
r-devel-windows-x86_64 | 11.0-0 | 41.00 | 117.00 | 158.00 | NOTE | |
r-patched-linux-x86_64 | 11.0-0 | 48.36 | 106.09 | 154.45 | OK | |
r-release-linux-x86_64 | 11.0-0 | 45.05 | 103.83 | 148.88 | OK | |
r-release-macos-arm64 | 11.0-0 | 78.00 | NOTE | |||
r-release-windows-x86_64 | 11.0-0 | 41.00 | 119.00 | 160.00 | NOTE | |
r-oldrel-macos-arm64 | 11.0-0 | 86.00 | NOTE | |||
r-oldrel-macos-x86_64 | 11.0-0 | 191.00 | NOTE | |||
r-oldrel-windows-x86_64 | 11.0-0 | 51.00 | 135.00 | 186.00 | NOTE |
Version: 11.0-0
Check: installed package size
Result: NOTE
installed size is 6.5Mb
sub-directories of 1Mb or more:
data 5.6Mb
Flavors: r-devel-linux-x86_64-fedora-clang, r-devel-windows-x86_64, r-release-macos-arm64, r-release-windows-x86_64, r-oldrel-macos-arm64, r-oldrel-macos-x86_64, r-oldrel-windows-x86_64
Version: 11.0-0
Check: Rd cross-references
Result: NOTE
Undeclared package ‘plyr’ in Rd xrefs
Flavor: r-devel-linux-x86_64-fedora-clang