Last updated on 2024-06-10 06:50:12 CEST.
Flavor | Version | Tinstall | Tcheck | Ttotal | Status | Flags |
---|---|---|---|---|---|---|
r-devel-linux-x86_64-debian-clang | 2.0.2 | 15.16 | 129.39 | 144.55 | NOTE | |
r-devel-linux-x86_64-debian-gcc | 2.0.2 | 12.18 | 95.27 | 107.45 | NOTE | |
r-devel-linux-x86_64-fedora-clang | 2.0.2 | 116.22 | NOTE | |||
r-devel-linux-x86_64-fedora-gcc | 2.0.2 | 136.03 | NOTE | |||
r-devel-windows-x86_64 | 2.0.2 | 13.00 | 102.00 | 115.00 | NOTE | |
r-patched-linux-x86_64 | 2.0.2 | 14.21 | 122.87 | 137.08 | NOTE | |
r-release-linux-x86_64 | 2.0.2 | 10.17 | 122.01 | 132.18 | NOTE | |
r-release-macos-arm64 | 2.0.2 | 51.00 | NOTE | |||
r-release-macos-x86_64 | 2.0.2 | 73.00 | NOTE | |||
r-release-windows-x86_64 | 2.0.2 | 14.00 | 105.00 | 119.00 | NOTE | |
r-oldrel-macos-arm64 | 2.0.2 | 52.00 | OK | |||
r-oldrel-macos-x86_64 | 2.0.2 | 85.00 | OK | |||
r-oldrel-windows-x86_64 | 2.0.2 | 18.00 | 124.00 | 142.00 | OK |
Version: 2.0.2
Check: Rd files
Result: NOTE
checkRd: (-1) complete.specimens.Rd:34: Lost braces
34 | \code{\link{align.missing}},code{\link{MissingGeoMorph}}
| ^
checkRd: (-1) missing.specimens.Rd:37: Lost braces
37 | \code{\link{align.missing}}, \{code{\link{MissingGeoMorph}}
| ^
Flavors: r-devel-linux-x86_64-debian-clang, r-devel-linux-x86_64-debian-gcc, r-devel-linux-x86_64-fedora-clang, r-devel-linux-x86_64-fedora-gcc, r-devel-windows-x86_64, r-patched-linux-x86_64, r-release-linux-x86_64, r-release-macos-arm64, r-release-macos-x86_64, r-release-windows-x86_64