Last updated on 2024-06-10 06:50:09 CEST.
Flavor | Version | Tinstall | Tcheck | Ttotal | Status | Flags |
---|---|---|---|---|---|---|
r-devel-linux-x86_64-debian-clang | 0.1.0 | 6.05 | 57.66 | 63.71 | OK | |
r-devel-linux-x86_64-debian-gcc | 0.1.0 | 3.95 | 41.60 | 45.55 | OK | |
r-devel-linux-x86_64-fedora-clang | 0.1.0 | 75.23 | NOTE | |||
r-devel-linux-x86_64-fedora-gcc | 0.1.0 | 71.04 | NOTE | |||
r-devel-windows-x86_64 | 0.1.0 | 6.00 | 62.00 | 68.00 | OK | |
r-patched-linux-x86_64 | 0.1.0 | 5.94 | 53.89 | 59.83 | OK | |
r-release-linux-x86_64 | 0.1.0 | 5.34 | 53.75 | 59.09 | OK | |
r-release-macos-arm64 | 0.1.0 | 25.00 | OK | |||
r-release-macos-x86_64 | 0.1.0 | 36.00 | OK | |||
r-release-windows-x86_64 | 0.1.0 | 5.00 | 65.00 | 70.00 | OK | |
r-oldrel-macos-arm64 | 0.1.0 | 27.00 | OK | |||
r-oldrel-macos-x86_64 | 0.1.0 | 37.00 | OK | |||
r-oldrel-windows-x86_64 | 0.1.0 | 6.00 | 72.00 | 78.00 | OK |
Version: 0.1.0
Check: dependencies in R code
Result: NOTE
Namespace in Imports field not imported from: ‘velociraptr’
All declared Imports should be used.
Flavors: r-devel-linux-x86_64-fedora-clang, r-devel-linux-x86_64-fedora-gcc