Last updated on 2024-06-10 06:50:08 CEST.
Flavor | Version | Tinstall | Tcheck | Ttotal | Status | Flags |
---|---|---|---|---|---|---|
r-devel-linux-x86_64-debian-clang | 0.1.4 | 32.06 | 23.69 | 55.75 | OK | |
r-devel-linux-x86_64-debian-gcc | 0.1.4 | 21.37 | 20.51 | 41.88 | OK | |
r-devel-linux-x86_64-fedora-clang | 0.1.4 | 65.23 | OK | |||
r-devel-linux-x86_64-fedora-gcc | 0.1.4 | 78.16 | OK | |||
r-devel-windows-x86_64 | 0.1.4 | 22.00 | 46.00 | 68.00 | OK | |
r-patched-linux-x86_64 | 0.1.4 | 27.67 | 25.87 | 53.54 | OK | |
r-release-linux-x86_64 | 0.1.4 | 24.05 | 24.49 | 48.54 | OK | |
r-release-macos-arm64 | 0.1.4 | 25.00 | NOTE | |||
r-release-macos-x86_64 | 0.1.4 | 47.00 | NOTE | |||
r-release-windows-x86_64 | 0.1.4 | 22.00 | 50.00 | 72.00 | OK | |
r-oldrel-macos-arm64 | 0.1.4 | 30.00 | NOTE | |||
r-oldrel-macos-x86_64 | 0.1.4 | 54.00 | NOTE | |||
r-oldrel-windows-x86_64 | 0.1.4 | 27.00 | 66.00 | 93.00 | OK |
Version: 0.1.4
Check: installed package size
Result: NOTE
installed size is 11.2Mb
sub-directories of 1Mb or more:
libs 11.1Mb
Flavors: r-release-macos-arm64, r-release-macos-x86_64, r-oldrel-macos-arm64, r-oldrel-macos-x86_64