Last updated on 2024-05-16 18:48:14 CEST.
Flavor | Version | Tinstall | Tcheck | Ttotal | Status | Flags |
---|---|---|---|---|---|---|
r-devel-linux-x86_64-debian-clang | 1.2.6 | 6.83 | 68.28 | 75.11 | NOTE | |
r-devel-linux-x86_64-debian-gcc | 1.2.6 | 6.29 | 50.62 | 56.91 | NOTE | |
r-devel-linux-x86_64-fedora-clang | 1.2.6 | 98.08 | NOTE | |||
r-devel-linux-x86_64-fedora-gcc | 1.2.6 | 88.29 | NOTE | |||
r-devel-windows-x86_64 | 1.2.6 | 8.00 | 67.00 | 75.00 | NOTE | |
r-patched-linux-x86_64 | 1.2.6 | 5.56 | 64.88 | 70.44 | NOTE | |
r-release-linux-x86_64 | 1.2.6 | 5.38 | 65.28 | 70.66 | NOTE | |
r-release-macos-arm64 | 1.2.6 | 31.00 | NOTE | |||
r-release-windows-x86_64 | 1.2.6 | 9.00 | 69.00 | 78.00 | NOTE | |
r-oldrel-macos-arm64 | 1.2.6 | 29.00 | NOTE | |||
r-oldrel-macos-x86_64 | 1.2.6 | 43.00 | NOTE | |||
r-oldrel-windows-x86_64 | 1.2.6 | 11.00 | 77.00 | 88.00 | NOTE |
Version: 1.2.6
Check: LazyData
Result: NOTE
'LazyData' is specified without a 'data' directory
Flavors: r-devel-linux-x86_64-debian-clang, r-devel-linux-x86_64-debian-gcc, r-devel-linux-x86_64-fedora-clang, r-devel-linux-x86_64-fedora-gcc, r-devel-windows-x86_64, r-patched-linux-x86_64, r-release-linux-x86_64, r-release-macos-arm64, r-release-windows-x86_64, r-oldrel-macos-arm64, r-oldrel-macos-x86_64, r-oldrel-windows-x86_64