Last updated on 2024-06-10 06:50:07 CEST.
Flavor | Version | Tinstall | Tcheck | Ttotal | Status | Flags |
---|---|---|---|---|---|---|
r-devel-linux-x86_64-debian-clang | 1.10 | 96.29 | 272.10 | 368.39 | OK | |
r-devel-linux-x86_64-debian-gcc | 1.10 | 69.85 | 195.49 | 265.34 | OK | |
r-devel-linux-x86_64-fedora-clang | 1.10 | 494.41 | OK | |||
r-devel-linux-x86_64-fedora-gcc | 1.10 | 490.51 | OK | |||
r-devel-windows-x86_64 | 1.10 | 79.00 | 215.00 | 294.00 | OK | |
r-patched-linux-x86_64 | 1.10 | 86.03 | 265.24 | 351.27 | OK | |
r-release-linux-x86_64 | 1.10 | 88.72 | 271.35 | 360.07 | OK | |
r-release-macos-arm64 | 1.10 | 119.00 | NOTE | |||
r-release-macos-x86_64 | 1.10 | 158.00 | NOTE | |||
r-release-windows-x86_64 | 1.10 | 80.00 | 222.00 | 302.00 | OK | |
r-oldrel-macos-arm64 | 1.10 | 131.00 | NOTE | |||
r-oldrel-macos-x86_64 | 1.10 | 227.00 | NOTE | |||
r-oldrel-windows-x86_64 | 1.10 | 98.00 | 295.00 | 393.00 | OK |
Version: 1.10
Check: installed package size
Result: NOTE
installed size is 5.0Mb
sub-directories of 1Mb or more:
libs 4.4Mb
Flavors: r-release-macos-arm64, r-release-macos-x86_64, r-oldrel-macos-arm64, r-oldrel-macos-x86_64