Last updated on 2024-06-10 06:50:05 CEST.
Flavor | Version | Tinstall | Tcheck | Ttotal | Status | Flags |
---|---|---|---|---|---|---|
r-devel-linux-x86_64-debian-clang | 1.3.3 | 3.19 | 88.23 | 91.42 | OK | |
r-devel-linux-x86_64-debian-gcc | 1.3.3 | 2.87 | 62.49 | 65.36 | OK | |
r-devel-linux-x86_64-fedora-clang | 1.3.3 | 119.49 | OK | |||
r-devel-linux-x86_64-fedora-gcc | 1.3.3 | 125.99 | OK | |||
r-devel-windows-x86_64 | 1.3.3 | 4.00 | 80.00 | 84.00 | OK | |
r-patched-linux-x86_64 | 1.3.3 | 3.19 | 83.07 | 86.26 | OK | |
r-release-linux-x86_64 | 1.3.3 | 3.63 | 80.55 | 84.18 | OK | |
r-release-macos-arm64 | 1.3.3 | 36.00 | OK | |||
r-release-macos-x86_64 | 1.3.3 | 59.00 | OK | |||
r-release-windows-x86_64 | 1.3.3 | 4.00 | 85.00 | 89.00 | OK | |
r-oldrel-macos-arm64 | 1.3.3 | 33.00 | NOTE | |||
r-oldrel-macos-x86_64 | 1.3.3 | 57.00 | NOTE | |||
r-oldrel-windows-x86_64 | 1.3.3 | 5.00 | 92.00 | 97.00 | OK |
Version: 1.3.3
Check: package dependencies
Result: NOTE
Package suggested but not available for checking: ‘xcms’
Flavors: r-oldrel-macos-arm64, r-oldrel-macos-x86_64