Last updated on 2024-05-16 06:57:23 CEST.
Flavor | Version | Tinstall | Tcheck | Ttotal | Status | Flags |
---|---|---|---|---|---|---|
r-devel-linux-x86_64-debian-clang | 0.3.0 | 20.37 | 376.13 | 396.50 | OK | |
r-devel-linux-x86_64-debian-gcc | 0.3.0 | 0.41 | 1.62 | 2.03 | ERROR | |
r-devel-linux-x86_64-fedora-clang | 0.3.0 | 213.32 | NOTE | |||
r-devel-linux-x86_64-fedora-gcc | 0.3.0 | 198.31 | NOTE | |||
r-devel-windows-x86_64 | 0.3.0 | 15.00 | 322.00 | 337.00 | OK | |
r-patched-linux-x86_64 | 0.3.0 | 16.08 | 383.19 | 399.27 | OK | |
r-release-linux-x86_64 | 0.3.0 | 15.16 | 386.87 | 402.03 | OK | |
r-release-macos-arm64 | 0.3.0 | 171.00 | OK | |||
r-release-macos-x86_64 | 0.3.0 | 315.00 | OK | |||
r-release-windows-x86_64 | 0.3.0 | 16.00 | 306.00 | 322.00 | OK | |
r-oldrel-macos-arm64 | 0.3.0 | 115.00 | NOTE | |||
r-oldrel-macos-x86_64 | 0.3.0 | 229.00 | NOTE | |||
r-oldrel-windows-x86_64 | 0.3.0 | 20.00 | 373.00 | 393.00 | OK |
Version: 0.3.0
Check: package dependencies
Result: ERROR
Package required but not available: ‘sccore’
Packages suggested but not available for checking: 'conos', 'pagoda2'
See section ‘The DESCRIPTION file’ in the ‘Writing R Extensions’
manual.
Flavor: r-devel-linux-x86_64-debian-gcc
Version: 0.3.0
Check: package dependencies
Result: NOTE
Packages suggested but not available for checking: 'conos', 'pagoda2'
Flavors: r-devel-linux-x86_64-fedora-clang, r-devel-linux-x86_64-fedora-gcc
Version: 0.3.0
Check: package dependencies
Result: NOTE
Package suggested but not available for checking: ‘rhdf5’
Flavors: r-oldrel-macos-arm64, r-oldrel-macos-x86_64